{"id":13,"date":"2021-10-09T23:30:11","date_gmt":"2021-10-09T21:30:11","guid":{"rendered":"http:\/\/85.221.254.243\/wordpress\/?page_id=7"},"modified":"2026-02-15T21:33:28","modified_gmt":"2026-02-15T20:33:28","slug":"kontakt","status":"publish","type":"page","link":"https:\/\/dakkart.com\/wordpress\/kontakt","title":{"rendered":"Kontakt"},"content":{"rendered":"\n<div class=\"wp-block-columns is-layout-flex wp-container-core-columns-is-layout-9d6595d7 wp-block-columns-is-layout-flex\">\n<div class=\"wp-block-column is-layout-flow wp-block-column-is-layout-flow\" style=\"flex-basis:66.66%\">\n<p>Dakkart Sp. z o.o.<br>ul. \u015awi\u0119ty Marcin 29\/8<br>61-806 Pozna\u0144<\/p>\n\n\n\n<p><em>KRS: 0000489779<br>NIP: 7822566783<br>REGON: 302599279<\/em><\/p>\n\n\n\n<p>Email: biuro @dakkart.com<br>Telefon: 663-194-737<\/p>\n\n\n\n<p><\/p>\n\n\n\n<figure class=\"wp-block-image size-full\"><img loading=\"lazy\" decoding=\"async\" width=\"433\" height=\"53\" src=\"https:\/\/dakkart.com\/wordpress\/wp-content\/uploads\/2023\/06\/finanse_adres-1.jpg\" alt=\"\" class=\"wp-image-135\" srcset=\"https:\/\/dakkart.com\/wordpress\/wp-content\/uploads\/2023\/06\/finanse_adres-1.jpg 433w, https:\/\/dakkart.com\/wordpress\/wp-content\/uploads\/2023\/06\/finanse_adres-1-300x37.jpg 300w, https:\/\/dakkart.com\/wordpress\/wp-content\/uploads\/2023\/06\/finanse_adres-1-400x49.jpg 400w\" sizes=\"auto, (max-width: 433px) 100vw, 433px\" \/><\/figure>\n\n\n\n<p><strong>Kontakt:<\/strong><\/p>\n\n\n\n<p>Micha\u0142 Patlewicz &#8211; Prezes Zarz\u0105du &#8211; mpatlewicz @dakkart.com  <\/p>\n\n\n\n<p>Krzysztof Pi\u0105tek &#8211; Wiceprezes Zarz\u0105du &#8211; kpiatek @dakkart.com  <\/p>\n\n\n\n<p>Rafa\u0142 Deka &#8211; Kierownik Budowy &#8211; rdeka @dakkart.com   <\/p>\n\n\n\n<p>Patrycja Micha\u0142owska &#8211; In\u017cynier budowy &#8211; pmichalowska @dakkart.com  <\/p>\n<\/div>\n\n\n\n<div class=\"wp-block-column is-layout-flow wp-block-column-is-layout-flow\" style=\"flex-basis:33.33%\">\n<div class=\"wp-block-columns is-layout-flex wp-container-core-columns-is-layout-9d6595d7 wp-block-columns-is-layout-flex\">\n<div class=\"wp-block-column is-layout-flow wp-block-column-is-layout-flow\" style=\"flex-basis:100%\">\n<div class=\"wp-block-columns is-layout-flex wp-container-core-columns-is-layout-9d6595d7 wp-block-columns-is-layout-flex\">\n<div class=\"wp-block-column is-layout-flow wp-block-column-is-layout-flow\" style=\"flex-basis:100%\">\n<figure class=\"wp-block-image size-large\"><img loading=\"lazy\" decoding=\"async\" width=\"1024\" height=\"683\" src=\"https:\/\/dakkart.com\/wordpress\/wp-content\/uploads\/2022\/10\/architecture-gd689eb067_1920-1024x683.jpg\" alt=\"\" class=\"wp-image-49\" srcset=\"https:\/\/dakkart.com\/wordpress\/wp-content\/uploads\/2022\/10\/architecture-gd689eb067_1920-1024x683.jpg 1024w, https:\/\/dakkart.com\/wordpress\/wp-content\/uploads\/2022\/10\/architecture-gd689eb067_1920-300x200.jpg 300w, https:\/\/dakkart.com\/wordpress\/wp-content\/uploads\/2022\/10\/architecture-gd689eb067_1920-768x512.jpg 768w, https:\/\/dakkart.com\/wordpress\/wp-content\/uploads\/2022\/10\/architecture-gd689eb067_1920-1536x1024.jpg 1536w, https:\/\/dakkart.com\/wordpress\/wp-content\/uploads\/2022\/10\/architecture-gd689eb067_1920-825x550.jpg 825w, https:\/\/dakkart.com\/wordpress\/wp-content\/uploads\/2022\/10\/architecture-gd689eb067_1920-1500x1000.jpg 1500w, https:\/\/dakkart.com\/wordpress\/wp-content\/uploads\/2022\/10\/architecture-gd689eb067_1920-600x400.jpg 600w, https:\/\/dakkart.com\/wordpress\/wp-content\/uploads\/2022\/10\/architecture-gd689eb067_1920-400x267.jpg 400w, https:\/\/dakkart.com\/wordpress\/wp-content\/uploads\/2022\/10\/architecture-gd689eb067_1920.jpg 1920w\" sizes=\"auto, (max-width: 1024px) 100vw, 1024px\" \/><\/figure>\n<\/div>\n<\/div>\n<\/div>\n<\/div>\n\n\n\n<p><\/p>\n<\/div>\n<\/div>\n\n\n\n<p><\/p>\n","protected":false},"excerpt":{"rendered":"<p>Dakkart Sp. z o.o.ul. \u015awi\u0119ty Marcin 29\/861-806 Pozna\u0144 KRS: 0000489779NIP: 7822566783REGON: 302599279 Email: biuro @dakkart.comTelefon: 663-194-737 Kontakt: Micha\u0142 Patlewicz &#8211; Prezes Zarz\u0105du &#8211; mpatlewicz @dakkart.com Krzysztof Pi\u0105tek &#8211; Wiceprezes Zarz\u0105du&hellip;<a href=\"https:\/\/dakkart.com\/wordpress\/kontakt\" class=\"more-link\"><span class=\"more-button\">Continue reading<span class=\"screen-reader-text\">Kontakt<\/span><\/span><\/a><\/p>\n","protected":false},"author":1,"featured_media":0,"parent":0,"menu_order":0,"comment_status":"closed","ping_status":"closed","template":"","meta":{"footnotes":""},"class_list":["post-13","page","type-page","status-publish","hentry"],"_links":{"self":[{"href":"https:\/\/dakkart.com\/wordpress\/wp-json\/wp\/v2\/pages\/13","targetHints":{"allow":["GET"]}}],"collection":[{"href":"https:\/\/dakkart.com\/wordpress\/wp-json\/wp\/v2\/pages"}],"about":[{"href":"https:\/\/dakkart.com\/wordpress\/wp-json\/wp\/v2\/types\/page"}],"author":[{"embeddable":true,"href":"https:\/\/dakkart.com\/wordpress\/wp-json\/wp\/v2\/users\/1"}],"replies":[{"embeddable":true,"href":"https:\/\/dakkart.com\/wordpress\/wp-json\/wp\/v2\/comments?post=13"}],"version-history":[{"count":24,"href":"https:\/\/dakkart.com\/wordpress\/wp-json\/wp\/v2\/pages\/13\/revisions"}],"predecessor-version":[{"id":241,"href":"https:\/\/dakkart.com\/wordpress\/wp-json\/wp\/v2\/pages\/13\/revisions\/241"}],"wp:attachment":[{"href":"https:\/\/dakkart.com\/wordpress\/wp-json\/wp\/v2\/media?parent=13"}],"curies":[{"name":"wp","href":"https:\/\/api.w.org\/{rel}","templated":true}]}}